ative of j**4/12 - j**3/3 + 7*j**2. Calculate g(-3).
-8
Let f(j) be the third derivative of -j**4/12 - j**3/3 - 4*j**2. Determine f(-2).
2
Let p = 6 - 0. Let o be 5/4 - p/24. Let c(b) = b + 1. Let f(j) = 1. Let s(d) = o*f(d) - 3*c(d). Give s(-2).
4
Let y(d) = 25 + 6*d + 14 - 41. Determine y(2).
10
Let q(y) = 2*y - 5. Let i(u) = -5*u + 14. Let n(f) = -3*i(f) - 8*q(f). Give n(-5).
3
Suppose -g = 2 - 1. Let m(x) be the first derivative of 5*x**4/4 + 2*x**3/3 + x**2/2 + 1. Let s be m(g). Let c(t) = 2*t + 2. Determine c(s).
-6
Let a(m) = 12*m**3 - 10 - 11*m**3 + 11 + 4*m**2 + m**2 - m. Determine a(-5).
6
Let n be (5 + (3 - 2))*3. Suppose -3*w + n = -0*w. Suppose -2 - w = 2*s. Let h(z) = -z**2 - 2*z + 2. Calculate h(s).
-6
Let n(x) = 1 + 12*x**3 - 6*x**2 - 13*x**3 - 5*x - x. Suppose -2*b = 6, -4*b + 7*b = 2*f - 49. Suppose 7*z = 3*z - f. Determine n(z).
6
Let p(n) = 2*n + 4. Suppose 0 = -3*f - 2*f - 35. Let g(j) = 4*j + 8. Let o(m) = f*p(m) + 3*g(m). Give o(-4).
4
Let r(f) = f - 8. Let l(u) = u**2 + 18*u + 24. Let j be l(-17). Give r(j).
-1
Let l(q) = -5*q**2 + 5 + 0*q**3 + 2*q**3 - 3*q**3 - 3*q - 4. Give l(-3).
-8
Let y(f) be the second derivative of 6*f - 1/6*f**3 + 9/2*f**2 + 0. Give y(0).
9
Let b(w) be the third derivative of -1/120*w**6 + 0*w**5 + 0*w - 5/6*w**3 - 2*w**2 + 1/24*w**4 + 0. Determine b(0).
-5
Suppose 3*h - 26 = -5*g, 2*h + g - 1 - 7 = 0. Suppose -2*f - 2*p = 2*p + 8, 2*p = -5*f + 4. Let r(q) = -q + q**f - 8*q**h + q - 1 + q. Give r(1).
-7
Let c be ((-6)/(-10))/((-2)/10). Let b(v) = 9*v + 3. Calculate b(c).
-24
Suppose -9*o + 7*o = 6. Suppose 3*l = -0*l + 9. Let m(k) = 0 - k**l - k**2 - 3*k**2 + 2 - 3*k. What is m(o)?
2
Let t(q) = 7*q - 6. Let l(j) = -j + 1. Let o be (3/2)/((-6)/24). Let v(k) = o*l(k) - t(k). What is v(-6)?
6
Let z(u) = 7*u**2 - 9*u - 5. Let m(b) = 13*b**2 - 17*b - 10. Let l(s) = -6*m(s) + 11*z(s). Let d be 6/21 - 144/14. Let c = d + 15. Give l(c).
-5
Let v be 14 + 0/1 + -2. Suppose 2*y = h - 5*h + v, -3*y = -2*h + 6. Let f(a) = -2*a**2 + h*a**3 - 1 + 6*a**3 - 8*a**3. Determine f(2).
-1
Suppose -5*u + 114 + 81 = 0. Let d = u - 28. Let i(z) = -4*z**2 + 7*z**2 - 5*z**2 + d*z**2. Calculate i(1).
9
Let y be 30/20 - (-2)/(-4). Let b(k) = -13*k**3 + 2*k**2 - 1. What is b(y)?
-12
Let c be 1 + -2 - -1 - 10/2. Let m(u) = 2*u + 4. Give m(c).
-6
Suppose 5*z - 6*z = -2*a + 1, 2*a + 5 = 3*z. Suppose -h + 9 = 5*u, 4 = 5*u - 4*h - 10. Let j(d) = -3*d**3 - 3*d + 4*d**3 - 3*d**2 + 0*d**2 + u. Determine j(a).
-8
Let v(q) = 2. Let o(h) = h**3 + 5. Let p(u) = -4*o(u) + 10*v(u). Let a be (-2)/(-4)*(-2)/(-1). Determine p(a).
-4
Let d(f) be the third derivative of 2/3*f**3 + 0 + 0*f - 3*f**2 - 1/24*f**4. Give d(3).
1
Let j(o) = -o**2 - 6*o - 3. Let u be -1*(63/(-3) + 3). Let d be (-12)/u*15/2. What is j(d)?
2
Let t(l) = -l**2 - 11*l - 3 - 4*l + 9*l. Calculate t(-5).
2
Let i(p) be the first derivative of 4*p**3/3 + 6. Let w be 7/(-9) + 6/(-27). What is i(w)?
4
Let x(j) = -j + 5. Let h = -7 - -15. Let g be x(h). Let z(y) = -2*y - 3. Calculate z(g).
3
Let p(h) = -4*h**3 - 9*h**2 - 3*h - 3. Let u(i) = -i**3 - i**2 - i. Suppose 0*o + o + 1 = 0. Let t(n) = o*p(n) + 3*u(n). What is t(-6)?
3
Let h(f) = f**3 - 4*f**2 + 4*f - 4. Let l = -9 + 9. Suppose l = 2*o + 2*o - 12. Calculate h(o).
-1
Let c(q) = q**3 + 5*q**2 + 2*q + 5. Let a(n) = n**3 - 4*n**2 - 4*n - 3. Let l be a(5). Let x be l/(-1) + 0 - 2. Determine c(x).
13
Let d be 2/6 + 153/27. Let m(z) = -9 + 5*z - z**3 + 0*z - 3*z + 6*z**2. Calculate m(d).
3
Let o = -5 - -6. Let q(w) = 3*w**2 + w + 4. Let f(i) be the first derivative of -i**3 - i**2/2 - 3*i - 4. Let k(t) = 4*f(t) + 3*q(t). Give k(o).
-4
Let z(c) = c - 4*c + 6 + 2*c. Determine z(5).
1
Suppose 5*l - 30 = -0*l. Let h(x) = l*x - x - x - 3*x. Calculate h(-4).
-4
Let y(z) = 6 + 14 + 165*z**3 + z**2 - z - 164*z**3. What is y(0)?
20
Let f be ((-4)/(-6))/(-1 + (-5)/(-3)). Let q(o) = 13*o**2 - o + 1. Give q(f).
13
Let o(f) = 7*f**3 - 7*f**2 - 3*f - 11. Let y(m) = 4*m**3 - 4*m**2 - 2*m - 6. Let j(w) = 3*o(w) - 5*y(w). Give j(0).
-3
Let j(n) = 163 + 0*n - 177 + n. Give j(7).
-7
Let d(l) = -l**3 - 4*l**2 - 2. Suppose 3*m + 11 = -a - 1, -m - 4 = -5*a. Give d(m).
-2
Let j(i) be the second derivative of 7*i**5/20 + i**3/6 + i**2/2 - 31*i. Determine j(-1).
-7
Suppose 0 = 5*d + 15, 0*q - 4*q = -2*d - 26. Let n(y) = -7 - 2*y + 1 + 4*y. Give n(q).
4
Let x(q) be the first derivative of q**3/3 + q**2 + 3*q + 49. What is x(-4)?
11
Let s(x) = -2*x - 2*x + 1 + 4*x + 4*x. Suppose r - 13 = 4*g - 8*g, 4*r + 8 = -g. Let v = g + -3. Give s(v).
5
Let r(w) = 4*w + 3. Let b = -7 - -8. Suppose b + 1 = -m. What is r(m)?
-5
Let b be (10/(-4))/((-2)/4). Let y(o) be the first derivative of o**4/4 - 2*o**3 + 5*o**2/2 - 25. Calculate y(b).
0
Let s(u) be the first derivative of u**4/12 + 3*u**3/2 - 3*u**2 + 6. Let x(h) be the second derivative of s(h). Calculate x(-6).
-3
Suppose 0 = -2*j + j - 3. Let c be -3 - (-1)/(j/(-6)). Let m(a) = 3*a**3 - 1. Calculate m(c).
-4
Suppose -4*l + 2*o - 13 = o, -5*l - 5*o - 35 = 0. Let b(x) = -x**2 - 3*x + 5. Give b(l).
1
Let w be 20/(-6)*(-36)/15. Let i = w - 9. Let h(t) = 23*t**3 - 5*t + 3. Let m(l) = -8*l**3 + 2*l - 1. Let d(r) = -3*h(r) - 8*m(r). What is d(i)?
5
Let z(f) = 3 + 10*f - 10*f + 3*f**2 + 3*f. Determine z(-2).
9
Let u(z) = -4 + 1 - 3*z + 5*z**2 + 0*z**2 - 4*z**2. Suppose 0*a - 3*a = -4*l - 24, 3*l + 9 = 0. Give u(a).
1
Suppose -2*m - 5 = -3*o - 0*m, 0 = m - 2. Let t be -2 + 2*o/(-6). Let h(x) be the second derivative of -x**4/12 - x**3/3 + 3*x**2/2 + x. What is h(t)?
0
Suppose -3*x + 9 = -0*x. Let p(g) = -1 - g**x + 5*g + 0*g**3 + g**2 - 2. Suppose 2*q - 14 = -10*f + 6*f, -2*f + 4*q = -2. Determine p(f).
-6
Let d(h) = h**2 - 6*h - 4. Suppose 0*n + 25 = 5*n. Calculate d(n).
-9
Let g be -3*3/(-18)*0. Let c(s) = s + 1. Let b(w) be the third derivative of w**3/6 - w**2. Let a(t) = 3*b(t) + c(t). Give a(g).
4
Let p be (-9)/11 - -1 - 72/33. Let s(i) = -i**3 + 5*i**2 - 3*i - 3. Let g(n) = -n**2 + n + 1. Let t(d) = 6*g(d) + s(d). Give t(p).
1
Let c(n) = -7*n**3 + 2*n**2 - 8*n - 7. Let j(m) = -13*m**3 + 3*m**2 - 15*m - 13. Let d(h) = 11*c(h) - 6*j(h). Give d(-3).
4
Suppose -3*i - 4*k - 20 = i, 3*i - k + 27 = 0. Let h(c) = c**3 + 7*c**2 - 7*c + 7. Calculate h(i).
-1
Let i(f) = -2*f**2 + 11*f. Let p(k) = -3*k**2 + 20*k. Let z(q) = -5*i(q) + 3*p(q). What is z(-3)?
-6
Let a(z) = z**3 - z**2 + z - 5. Suppose l + 6*d = 2*d - 2, -d = -l + 8. Suppose 0 = -2*p + 4 - l. Let m be 0/(p/((-2)/(-2))). Calculate a(m).
-5
Let o = 5 + -4. Let k(a) = -2*a. Determine k(o).
-2
Let h(i) = -7*i - 4. Suppose 3*n - 2 = -11, 4 = -4*u + 4*n. What is h(u)?
24
Let l(p) = 5*p + 2. Let z(j) = 7*j + 3. Let v(o) = 8*l(o) - 5*z(o). Give v(-3).
-14
Suppose 5 = 15*l + 50. Let w(t) = 3*t**2 + 4*t + 1. Determine w(l).
16
Suppose 6*v = 27 - 3. Let n(a) = a**3 - 3*a**2 + 2*a - 5. Give n(v).
19
Let q = -151 - -153. Let h(c) = -c**3 + 3*c**2 + c - 1. What is h(q)?
5
Let f be -3 - ((1 - -1) + -2). Let s be (6/10)/(f/15). Let y(g) = 4*g**2 + g + 7. Let i(j) = 2*j**2 + 3. Let a(w) = s*y(w) + 7*i(w). What is a(2)?
2
Let u(z) = z**2 + 3*z - 11. Let x be u(-4). Let v(o) = 2*o + 10. What is v(x)?
-4
Let h(r) = -r**2 + 2*r. Let m = 54 - 56. Calculate h(m).
-8
Let t(l) = -l - 4. Let v be 0 + 6 - (-9 - -9). Let z(r) = -r**2 + 8*r - 7. Let x be z(v). Determine t(x).
-9
Let w(j) = j**3 + 3*j**2 + 4*j + 3. Let o = 0 - -6. Let q = 3 - o. Calculate w(q).
-9
Let y(w) be the second derivative of w**4/12 - w**3/2 + 5*w**2/2 - 16*w. What is y(5)?
15
Suppose 4*l + 3 = 5*l. Let n(t) = -3*t**2 + 3*t + 2. Let a(f) = -7*f**2 + 7*f + 5. Let x(i) = 4*a(i) - 9*n(i). What is x(l)?
-4
Suppose 0 - 24 = 4*g. Let o(v) = 3*v - 11. Let t(u) = u - 4. Let r(s) = g*o(s) + 17*t(s). What is r(6)?
-8
Let m(w) be the first derivative of w**3/3 + 3*w**2 + 8*w + 22. Calculate m(-7).
15
Let x(t) be the second derivative of 1/3*t**3 + t - 1/12*t**4 + 0 - 1/20*t**5 + 1/2*t**2. Determine x(-2).
1
Let l = -7 - -11. Suppose l*z - 13 = -x - 2*x, z - x + 2 = 0. Let w(i) = 2*i**2 - i + 1. Give w(z).
2
Let j = 12 - 2. Suppose -55 + j = 5*w. Let k be 6*-1*3/w. Let b(n) = 5*n - 2. Determine b(k).
8
Let o = -19 - -20. Let m(q) = -q. Let h(a) be the first derivative of -2*a**2 + 2*a + 1. Let y(x) = o*h(x) - 5*m(x). Calcula